late the greatest common divisor of 9039 and 3726.
69
What is the highest common divisor of 777033 and 1908?
477
Calculate the greatest common factor of 45025 and 225.
25
Calculate the highest common factor of 202 and 153419.
101
Calculate the greatest common factor of 303 and 10371.
3
What is the greatest common divisor of 42765 and 15?
15
What is the highest common factor of 385318 and 333?
37
Calculate the greatest common factor of 15 and 28915.
5
What is the highest common divisor of 33988 and 111340?
1172
Calculate the highest common divisor of 22335 and 15.
15
Calculate the highest common divisor of 3234 and 196294.
98
Calculate the greatest common factor of 7 and 915509.
7
Calculate the highest common divisor of 142 and 42955.
71
Calculate the highest common divisor of 1036 and 542500.
28
Calculate the highest common factor of 552 and 1123044.
276
Calculate the greatest common factor of 2014 and 10.
2
What is the greatest common factor of 40088 and 16?
8
What is the greatest common factor of 1536 and 126?
6
Calculate the highest common divisor of 1760 and 3488.
32
What is the greatest common divisor of 516 and 174666?
258
Calculate the highest common factor of 206 and 2182.
2
What is the greatest common divisor of 2807330 and 6429?
2143
Calculate the greatest common factor of 52746 and 22350.
894
What is the highest common factor of 1482 and 871?
13
What is the greatest common divisor of 15198 and 2754?
102
Calculate the greatest common factor of 562444 and 28.
4
Calculate the highest common factor of 38 and 1975487.
19
What is the greatest common divisor of 25 and 133325?
25
Calculate the highest common divisor of 175827 and 705.
141
Calculate the greatest common factor of 1341 and 1211519.
149
What is the greatest common divisor of 555 and 204684?
111
What is the highest common divisor of 535 and 1205?
5
Calculate the greatest common factor of 1695 and 132.
3
Calculate the greatest common divisor of 268 and 1287539.
67
What is the highest common divisor of 19596 and 7176?
276
Calculate the highest common divisor of 27387 and 765.
153
Calculate the greatest common divisor of 200271 and 241.
241
What is the greatest common divisor of 6 and 306540?
6
What is the highest common factor of 474 and 11850?
474
What is the greatest common factor of 51652 and 592?
148
Calculate the greatest common divisor of 11818 and 179447.
311
What is the highest common factor of 51 and 25?
1
What is the greatest common divisor of 216 and 1080?
216
Calculate the greatest common factor of 57492 and 900.
36
Calculate the highest common factor of 3 and 384279.
3
Calculate the highest common factor of 4956 and 11977.
413
What is the greatest common divisor of 5746 and 3502?
34
Calculate the highest common divisor of 994371 and 7.
7
Calculate the greatest common factor of 2 and 1917.
1
What is the greatest common divisor of 8063 and 143?
11
What is the highest common divisor of 558821 and 122?
61
Calculate the highest common factor of 5909367 and 207.
69
What is the greatest common factor of 48 and 5064?
24
Calculate the greatest common factor of 381 and 1204976.
127
Calculate the greatest common divisor of 76360 and 62250.
830
What is the highest common factor of 27492 and 790?
158
What is the highest common factor of 6453 and 396?
9
Calculate the highest common factor of 45 and 6432615.
45
Calculate the highest common divisor of 814 and 10085460.
814
Calculate the highest common factor of 60950 and 200.
50
What is the greatest common divisor of 2119315 and 3025?
605
Calculate the greatest common factor of 9663 and 18.
3
What is the greatest common divisor of 168324 and 2988?
996
Calculate the greatest common factor of 16 and 31696.
16
Calculate the highest common divisor of 448 and 3493728.
224
Calculate the greatest common factor of 11216 and 2096.
16
Calculate the greatest common divisor of 1442389 and 13.
13
Calculate the highest common factor of 18113 and 3377.
307
What is the greatest common divisor of 140 and 22316?
28
What is the greatest common factor of 737 and 1397?
11
What is the highest common factor of 2770106 and 669?
223
What is the greatest common divisor of 23106 and 39?
3
What is the highest common divisor of 31868 and 19375?
31
What is the highest common factor of 5405 and 4945?
115
Calculate the highest common factor of 408 and 13736.
136
Calculate the greatest common factor of 10 and 3005.
5
What is the greatest common divisor of 25 and 7870?
5
What is the greatest common divisor of 44693 and 20554?
239
What is the highest common divisor of 5872 and 4640?
16
What is the greatest common divisor of 4352 and 8806?
34
Calculate the highest common divisor of 243 and 576.
9
What is the greatest common factor of 3876 and 9500?
76
Calculate the highest common divisor of 12944 and 8.
8
Calculate the greatest common divisor of 2954 and 1316.
14
Calculate the greatest common factor of 73340 and 1900.
380
What is the highest common divisor of 30 and 10908?
6
Calculate the greatest common divisor of 1179 and 3789.
9
Calculate the greatest common factor of 267648 and 25296.
816
Calculate the highest common divisor of 1468925 and 25.
25
What is the highest common divisor of 308 and 273644?
28
What is the highest common divisor of 289628 and 488?
244
Calculate the highest common factor of 11572651 and 1706.
853
What is the highest common factor of 2580 and 5340?
60
Calculate the highest common factor of 669900 and 108.
12
Calculate the highest common divisor of 1562 and 22.
22
Calculate the greatest common factor of 190 and 114.
38
Calculate the greatest common factor of 198 and 639342.
198
Calculate the highest common factor of 37045 and 11005.
155
What is the greatest common factor of 1363 and 423?
47
What is the greatest common factor of 67313 and 83?
83
Calculate the highest common divisor of 6273 and 22185.
153
What is the highest common factor of 6 and 23538?
6
Calculate the greatest common factor of 152444 and 184.
92
Calculate the highest common divisor of 468048 and 224.
112
What is the highest common factor of 418 and 184946?
38
Calculate the highest common factor of 481 and 2210.
13
Calculate the greatest common divisor of 52 and 292526.
26
What is the greatest common factor of 400 and 18925?
25
Calculate the greatest common divisor of 705 and 368245.
235
What is the greatest common factor of 244 and 4062600?
244
Calculate the highest common divisor of 637 and 230776.
91
Calculate the highest common factor of 201152 and 4041.
449
Calculate the highest common divisor of 33442 and 2024.
46
Calculate the greatest common factor of 44 and 17996.
44
Calculate the greatest common divisor of 33336 and 712.
8
Calculate the highest common factor of 660 and 2940.
60
Calculate the greatest common factor of 344870 and 80.
10
Calculate the highest common factor of 1313 and 91.
13
What is the highest common factor of 55 and 2730?
5
What is the highest common factor of 1542 and 432?
6
What is the highest common factor of 1903 and 660?
11
What is the highest common factor of 12 and 10316?
4
What is the highest common divisor of 4779 and 66611?
59
What is the greatest common factor of 9 and 98?
1
What is the greatest common divisor of 61373 and 91?
13
Calculate the highest common factor of 84 and 447846.
42
Calculate the highest common factor of 122593 and 301.
43
What is the greatest common divisor of 2706 and 35916?
246
What is the highest common divisor of 1462 and 2666?
86
What is the highest common factor of 28 and 12244?
4
Calculate the greatest common factor of 3514 and 329.
7
Calculate the greatest common factor of 231982 and 2278.
34
Calculate the greatest common divisor of 1292 and 5508.
68
What is the greatest common divisor of 59006 and 978?
326
Calculate the highest common factor of 361 and 331.
1
Calculate the greatest common factor of 7492 and 12.
4
Calculate the highest common divisor of 51446 and 232.
58
What is the greatest common factor of 516 and 4996?
4
What is the highest common factor of 40711 and 11?
11
Calculate the highest common divisor of 100463 and 1111.
11
What is the greatest common divisor of 50 and 758325?
25
What is the highest common factor of 1676 and 339809?
419
What is the highest common factor of 52 and 739492?
52
Calcu